{"id":580,"date":"2016-07-19T19:22:41","date_gmt":"2016-07-19T19:22:41","guid":{"rendered":"http:\/\/camtucuman.gob.ar\/web\/?page_id=580"},"modified":"2024-05-27T13:29:58","modified_gmt":"2024-05-27T13:29:58","slug":"inscripciones","status":"publish","type":"page","link":"https:\/\/camtucuman.gob.ar\/accesible\/concursos\/inscripciones\/","title":{"rendered":"Inscripciones"},"content":{"rendered":"<ul>\n<li>Llamados a nuevos concursos<span style=\"text-decoration: underline\"> &#8211; <a href=\"https:\/\/camtucuman.gob.ar\/llamado-a-concurso\/\" target=\"_blank\" rel=\"noopener noreferrer\">link<\/a>.<\/span><\/li>\n<li><a href=\"https:\/\/camtucuman.gob.ar\/documentos\/manual_sigecam_v1.2.pdf\" target=\"_blank\" rel=\"noopener\">Manual para inscripciones a concursos.<\/a><\/li>\n<li><a href=\"https:\/\/camtucuman.gob.ar\/documentos\/ricam_22052024.pdf\" target=\"_blank\" rel=\"noopener noreferrer\">Reglamento Interno del CAM (\u00faltima modificaci\u00f3n del 22 de mayo de 2024).<\/a><\/li>\n<li><a href=\"https:\/\/camtucuman.gob.ar\/documentos\/acuerdos\/acuerdo_2022_49.pdf\" target=\"_blank\" rel=\"noopener\">Acuerdo n\u00b049\/2022<\/a>.<\/li>\n<li>Preguntas frecuentes acerca de la&nbsp;<a href=\"https:\/\/www.instagram.com\/p\/CqndhbBu-VO\/\" target=\"_blank\" rel=\"noopener\">carga digital<\/a>&nbsp;de documentaci\u00f3n de antecedentes.<\/li>\n<li>\n<h3>Noticias relacionadas<\/h3>\n<ul>\n<li><span style=\"text-decoration: underline\">El CAM verificar\u00e1 la informaci\u00f3n del Registro de Deudores Alimentarios:<a href=\"http:\/\/camtucuman.gob.ar\/blog\/2021\/02\/03\/el-cam-verificara-la-informacion-del-registro-de-deudores-alimentarios\/\" target=\"_blank\" rel=\"noopener noreferrer\"> link.<\/a><\/span><\/li>\n<li><span style=\"text-decoration: underline\">El CAM aprob\u00f3 el&nbsp;modelo de informe de evaluaci\u00f3n psicol\u00f3gica prevista en el art. 13 de la ley 8.197 y en el art. 43 bis del RICAM: <a href=\"http:\/\/camtucuman.gob.ar\/documentos\/acuerdos\/acuerdo_2020_248.pdf\" target=\"_blank\" rel=\"noopener\">link<\/a>.<\/span><\/li>\n<li><span style=\"text-decoration: underline\">El CAM aprob\u00f3 el protocolo para la implementaci\u00f3n de ex\u00e1menes en l\u00ednea: <a href=\"http:\/\/camtucuman.gob.ar\/blog\/2020\/09\/23\/el-cam-aprobo-el-protocolo-para-la-implementacion-de-los-examenes-de-oposicion-en-linea\/\" target=\"_blank\" rel=\"noopener noreferrer\">link.<\/a><\/span><\/li>\n<li><span style=\"text-decoration: underline\">El CAM modific\u00f3 su reglamento para afianzar la \u00e9tica en los concursos:<a href=\"http:\/\/camtucuman.gob.ar\/blog\/2019\/12\/30\/el-cam-modifico-su-reglamento-para-afianzar-la-etica-en-los-concursos\/\" target=\"_blank\" rel=\"noopener noreferrer\"> link.<\/a><\/span><\/li>\n<li><span style=\"text-decoration: underline\">El antecedente de haber estado ternado en un concurso dejar\u00e1 de tener vencimiento:<a href=\"http:\/\/camtucuman.gob.ar\/blog\/2019\/04\/17\/el-antecedente-de-haber-estado-ternado-en-un-concurso-dejara-de-tener-vencimiento\/\" target=\"_blank\" rel=\"noopener noreferrer\"> link.<\/a><\/span><\/li>\n<li><span style=\"text-decoration: underline\">Descargue el instructivo de examen del Concurso n\u00ba 227. -modelo:<a href=\"http:\/\/camtucuman.gob.ar\/documentos\/instructivo_examen_227.pdf\" target=\"_blank\" rel=\"noopener noreferrer\"> link.<\/a><\/span><\/li>\n<\/ul>\n<\/li>\n<\/ul>\n\n\n<figure class=\"wp-block-embed is-type-video is-provider-youtube wp-block-embed-youtube wp-embed-aspect-16-9 wp-has-aspect-ratio\"><div class=\"wp-block-embed__wrapper\">\n<iframe loading=\"lazy\" title=\"Tutorial - Inscripci\u00f3n a concursos SiGeCAM\" width=\"1200\" height=\"675\" src=\"https:\/\/www.youtube.com\/embed\/pQNZbnDGZOM?feature=oembed\" frameborder=\"0\" allow=\"accelerometer; autoplay; clipboard-write; encrypted-media; gyroscope; picture-in-picture; web-share\" allowfullscreen><\/iframe>\n<\/div><\/figure>\n","protected":false},"excerpt":{"rendered":"<p>Llamados a nuevos concursos &#8211; link. Manual para inscripciones a concursos. Reglamento Interno del CAM (\u00faltima modificaci\u00f3n del 22 de mayo de 2024). Acuerdo n\u00b049\/2022. Preguntas frecuentes acerca de la&nbsp;carga digital&nbsp;de documentaci\u00f3n de antecedentes. Noticias relacionadas El CAM verificar\u00e1 la informaci\u00f3n del Registro de Deudores Alimentarios: link. El CAM aprob\u00f3 el&nbsp;modelo de informe de evaluaci\u00f3n&hellip;<\/p>\n","protected":false},"author":1,"featured_media":0,"parent":392,"menu_order":0,"comment_status":"closed","ping_status":"closed","template":"","meta":{"ngg_post_thumbnail":0,"footnotes":""},"class_list":["post-580","page","type-page","status-publish","hentry","description-off"],"_links":{"self":[{"href":"https:\/\/camtucuman.gob.ar\/accesible\/wp-json\/wp\/v2\/pages\/580","targetHints":{"allow":["GET"]}}],"collection":[{"href":"https:\/\/camtucuman.gob.ar\/accesible\/wp-json\/wp\/v2\/pages"}],"about":[{"href":"https:\/\/camtucuman.gob.ar\/accesible\/wp-json\/wp\/v2\/types\/page"}],"author":[{"embeddable":true,"href":"https:\/\/camtucuman.gob.ar\/accesible\/wp-json\/wp\/v2\/users\/1"}],"replies":[{"embeddable":true,"href":"https:\/\/camtucuman.gob.ar\/accesible\/wp-json\/wp\/v2\/comments?post=580"}],"version-history":[{"count":26,"href":"https:\/\/camtucuman.gob.ar\/accesible\/wp-json\/wp\/v2\/pages\/580\/revisions"}],"predecessor-version":[{"id":1788,"href":"https:\/\/camtucuman.gob.ar\/accesible\/wp-json\/wp\/v2\/pages\/580\/revisions\/1788"}],"up":[{"embeddable":true,"href":"https:\/\/camtucuman.gob.ar\/accesible\/wp-json\/wp\/v2\/pages\/392"}],"wp:attachment":[{"href":"https:\/\/camtucuman.gob.ar\/accesible\/wp-json\/wp\/v2\/media?parent=580"}],"curies":[{"name":"wp","href":"https:\/\/api.w.org\/{rel}","templated":true}]}}

<ul>
<li>Llamados a nuevos concursos<span style="text-decoration: underline"> &#8211; <a href="https://camtucuman.gob.ar/llamado-a-concurso/" target="_blank" rel="noopener noreferrer">link</a>.</span></li>
<li><a href="https://camtucuman.gob.ar/documentos/manual_sigecam_v1.2.pdf" target="_blank" rel="noopener">Manual para inscripciones a concursos.</a></li>
<li><a href="https://camtucuman.gob.ar/documentos/ricam_22052024.pdf" target="_blank" rel="noopener noreferrer">Reglamento Interno del CAM (última modificación del 22 de mayo de 2024).</a></li>
<li><a href="https://camtucuman.gob.ar/documentos/acuerdos/acuerdo_2022_49.pdf" target="_blank" rel="noopener">Acuerdo n°49/2022</a>.</li>
<li>Preguntas frecuentes acerca de la&nbsp;<a href="https://www.instagram.com/p/CqndhbBu-VO/" target="_blank" rel="noopener">carga digital</a>&nbsp;de documentación de antecedentes.</li>
<li>
<h3>Noticias relacionadas</h3>
<ul>
<li><span style="text-decoration: underline">El CAM verificará la información del Registro de Deudores Alimentarios:<a href="http://camtucuman.gob.ar/blog/2021/02/03/el-cam-verificara-la-informacion-del-registro-de-deudores-alimentarios/" target="_blank" rel="noopener noreferrer"> link.</a></span></li>
<li><span style="text-decoration: underline">El CAM aprobó el&nbsp;modelo de informe de evaluación psicológica prevista en el art. 13 de la ley 8.197 y en el art. 43 bis del RICAM: <a href="http://camtucuman.gob.ar/documentos/acuerdos/acuerdo_2020_248.pdf" target="_blank" rel="noopener">link</a>.</span></li>
<li><span style="text-decoration: underline">El CAM aprobó el protocolo para la implementación de exámenes en línea: <a href="http://camtucuman.gob.ar/blog/2020/09/23/el-cam-aprobo-el-protocolo-para-la-implementacion-de-los-examenes-de-oposicion-en-linea/" target="_blank" rel="noopener noreferrer">link.</a></span></li>
<li><span style="text-decoration: underline">El CAM modificó su reglamento para afianzar la ética en los concursos:<a href="http://camtucuman.gob.ar/blog/2019/12/30/el-cam-modifico-su-reglamento-para-afianzar-la-etica-en-los-concursos/" target="_blank" rel="noopener noreferrer"> link.</a></span></li>
<li><span style="text-decoration: underline">El antecedente de haber estado ternado en un concurso dejará de tener vencimiento:<a href="http://camtucuman.gob.ar/blog/2019/04/17/el-antecedente-de-haber-estado-ternado-en-un-concurso-dejara-de-tener-vencimiento/" target="_blank" rel="noopener noreferrer"> link.</a></span></li>
<li><span style="text-decoration: underline">Descargue el instructivo de examen del Concurso nº 227. -modelo:<a href="http://camtucuman.gob.ar/documentos/instructivo_examen_227.pdf" target="_blank" rel="noopener noreferrer"> link.</a></span></li>
</ul>
</li>
</ul>


<figure class="wp-block-embed is-type-video is-provider-youtube wp-block-embed-youtube wp-embed-aspect-16-9 wp-has-aspect-ratio"><div class="wp-block-embed__wrapper">
<iframe loading="lazy" title="Tutorial - Inscripción a concursos SiGeCAM" width="1200" height="675" src="https://www.youtube.com/embed/pQNZbnDGZOM?feature=oembed" frameborder="0" allow="accelerometer; autoplay; clipboard-write; encrypted-media; gyroscope; picture-in-picture; web-share" allowfullscreen></iframe>
</div></figure>

<p>Llamados a nuevos concursos &#8211; link. Manual para inscripciones a concursos. Reglamento Interno del CAM (última modificación del 22 de mayo de 2024). Acuerdo n°49/2022. Preguntas frecuentes acerca de la&nbsp;carga digital&nbsp;de documentación de antecedentes. Noticias relacionadas El CAM verificará la información del Registro de Deudores Alimentarios: link. El CAM aprobó el&nbsp;modelo de informe de evaluación&hellip;</p>
